 -5*b + 36 = -b. Suppose 6*m - 648 = -4*h + b*m, -3*m = 5*h - 810. What is the hundreds digit of h?
1
Let i be (2/(-10)*6)/((-3)/375). Let m = -63 + i. What is the tens digit of m?
8
Let o(s) = 842*s - 54. What is the thousands digit of o(4)?
3
Let p be 11/(2*1/2). Suppose 2*n = -5*v + p, v - 4*n = -2*v + 17. Suppose -3*g = 3*f - 7*f + 74, -53 = -v*f + g. What is the tens digit of f?
1
Suppose -6552 = -5*w + 4*x, -3*x - 3933 = 2*w - 5*w. What is the thousands digit of w?
1
Let h(r) = 6*r**3 - r**2 - 2*r + 2. Suppose 2*w = -2*w + 4. What is the units digit of h(w)?
5
Suppose 3*k - 1 - 74 = 0. Suppose -u + 146 = -k. What is the units digit of u?
1
Let m(r) = 1 + 7*r - 2*r - 3*r**2 - 2*r + 22*r**2. Let d be m(-1). Suppose -24 - d = -o. What is the units digit of o?
1
Suppose -r - 3*r = -16, -5*a + 29 = -4*r. Suppose q + a - 31 = 0. Let x = q + 21. What is the tens digit of x?
4
Let f = 122 + 493. What is the hundreds digit of f?
6
Let q(g) = -4 + 3*g - 4 + 6 + 7*g**2 - 3*g**2. What is the units digit of q(4)?
4
Suppose x = 5*v - 8*v - 182, -5*x = 25. Let l = -21 - v. What is the tens digit of l?
3
Suppose -3*g - 4260 = -18*g. What is the units digit of g?
4
Let i be (3 - 0)/(-3)*-5. Suppose 420 = i*o - 5*r, 4*o + 2*r - 153 = 159. What is the tens digit of o?
8
Suppose -2*i - 55 = -5*w, w - 43 + 142 = -4*i. Suppose -5 = 3*c + 4, 4*c + 24 = -2*v. Let j = v - i. What is the units digit of j?
9
Let n(g) = -6*g + 10*g + 9*g + 13. What is the units digit of n(5)?
8
Let o be 6 - (0 - -1) - 0. Suppose 0 = -f + o*w + 26 + 64, 0 = -4*f + 4*w + 376. What is the units digit of f?
5
Let q(i) = 6*i**2 - 5*i - 1. Let t be (1 + 1)/((-12)/(-42)). Suppose 5*s - t = 8. What is the tens digit of q(s)?
3
Suppose y = -2*o + 90, 3*o + 45 = 4*o - y. Suppose -5*p - 2*b - o = 3*b, -5*p = 4*b + 44. Let r(z) = -6*z + 17. What is the units digit of r(p)?
5
Let d(t) = 8*t + 2 + 3*t**2 - t**2 - t**2. Let o be d(-8). Suppose -o*k - 3*s = -52, -104 = -4*k + s + s. What is the tens digit of k?
2
Let g(w) = -280*w - 430. What is the tens digit of g(-5)?
7
Let v = 198 - 68. What is the units digit of 2/(v/64 - 2)?
4
Let n(f) be the third derivative of 1/24*f**4 + 0 - 1/60*f**6 - 1/6*f**3 + 0*f - 1/30*f**5 + 2*f**2. What is the units digit of n(-3)?
2
Let x(t) = -t**3 + 11*t**2 + t - 1. Let b be x(11). Let a(f) = 5*f**3 + 2*f**3 - 3*f**3 - 3*f**3 - 8 + 12*f - b*f**2. What is the tens digit of a(9)?
1
Let p(j) = -j + 11. Let c be p(0). Let o = c - 10. What is the units digit of o?
1
Let r(y) = -y**3 - 4*y**2 - 2*y - 29. Let h be r(-5). Suppose -k = h*k - 1358. What is the tens digit of k?
9
Let s(t) = 2*t - 10. Let p be s(0). What is the tens digit of ((-754)/(-65))/((-4)/p)?
2
Let n = 964 + -550. What is the units digit of n?
4
Let i(l) = 3*l - 24. Let r be i(17). Let h = r - -21. What is the units digit of h?
8
Suppose 181*g - 185*g + 3984 = 0. What is the tens digit of g?
9
Let k = 1 - -4. Suppose 5*f - 147 = -0*g + 3*g, k*f + 4*g - 119 = 0. What is the units digit of f?
7
Suppose -2*v + 60 = -14*v. What is the tens digit of ((-22)/v)/(5 - 99/20)?
8
Suppose 10 = 5*k - 15. Suppose -k*m = 5*f - 5, 3*f + 4*m + 16 = 4*f. What is the units digit of f?
4
Suppose 13 + 5 = 3*u. Suppose u*q - 9*q = -6. Suppose -3*l - q + 5 = 0. What is the units digit of l?
1
Let q(u) = 2*u**2 - 4*u - 13. Let r be q(4). Let x be 447/(-21) - 4/(-14). What is the units digit of (4/r)/((-7)/x)?
4
Let a = 103 - 101. What is the tens digit of (-87)/a*(-5 - 1)?
6
Suppose -2*j = 5*o - 7417, -31*j + 28*j + 3*o + 11136 = 0. What is the hundreds digit of j?
7
Let k = 2517 + 139. What is the hundreds digit of k?
6
Suppose -2*h + 2778 = 2*r + 336, -4*h = 2*r - 4876. What is the thousands digit of h?
1
Let c(u) be the first derivative of 5*u**4/12 + u**3/2 - u**2 + 5*u + 5. Let n(k) be the first derivative of c(k). What is the units digit of n(1)?
6
Let t = 18 - 18. Suppose t = -j - 2*z - z + 25, 25 = 5*z. What is the units digit of (-30)/j*(0 + -2)?
6
Suppose 3467 = 3*n - 5*d, 3*n + 9*d - 5*d - 3458 = 0. What is the thousands digit of n?
1
Suppose 7*j - 3*j + 4 = 0. Let h = j - -3. What is the units digit of h?
2
Suppose 61 + 1724 = 7*l. What is the units digit of l?
5
Suppose -5*t = -4*r - 5450, 10*r = -4*t + 15*r + 4360. What is the hundreds digit of t?
0
Suppose 0*u = 2*u - 78. Suppose -w - 4*a + 8 = 0, -2*w - 20 = -0*w - 4*a. What is the tens digit of 1 + (u - (w + 6))?
3
Let v(m) = -m**2 - m + 98. Let j be v(0). What is the units digit of 12/24 - j/(-4)?
5
Let l be 8/3*(3 - (-54)/(-24)). Suppose 3*v = -3*z + 18, 2*v + 5 - 13 = 2*z. Suppose 5*m = v*g - 4 - 46, g - l*m - 12 = 0. What is the units digit of g?
8
Let r(c) = c**2 + c - 2. Let p be r(1). Suppose 4*d + 2*j - 506 = -0*d, p = -3*j + 9. What is the tens digit of d?
2
Let p(x) = 37*x + 2. Let m be p(2). Let s = m + -20. What is the units digit of s?
6
Let a = 3398 + -357. What is the tens digit of a?
4
Suppose -q = -6*q + 15. Suppose 4*b - 95 = -q*n, -3*b - 2*b + 85 = -3*n. What is the units digit of b?
0
Suppose -1224 = -3*r - 0*r - 5*u, 4*r = 2*u + 1606. What is the hundreds digit of r?
4
Let q = 635 + 705. What is the thousands digit of q?
1
Let p be 3/(-8) + 323/136. What is the units digit of p/2 - 444/(-3)?
9
Let r(m) = m**3 + 7*m**2 + 27*m + 8. Let n(l) = 3*l**2 + 14*l + 4. Let h(u) = 5*n(u) - 3*r(u). What is the units digit of h(-4)?
6
Suppose 7*n + 120 = 2*n. Let k = n - -27. What is the units digit of k?
3
Let q = -1458 + 2590. What is the hundreds digit of q?
1
Let v(j) = -2*j + 8. Let z be v(5). Let n be 3/z - 5/(-10). What is the tens digit of (28/(-16))/(n/28)?
4
Let t(k) = -k**3 - 11*k**2 - 11*k - 11. Let s be t(-10). Let z be ((-8)/10)/(2/(-5)). What is the tens digit of 21 + s/(z/4)?
1
Let t(x) = -111*x + 3. Let s(h) = 56*h - 1. Let b(m) = 9*s(m) + 4*t(m). Let i = -7 - -8. What is the units digit of b(i)?
3
Let o(q) = 2*q**3 - 9*q**2 + 5*q + 26. What is the units digit of o(8)?
4
Suppose -2*a = -362 - 558. Suppose 0 = -5*k + 5*h + 405 + a, 0 = 5*k + h - 871. What is the tens digit of k?
7
Let s(m) = -m**3 - 25*m**2 + 8*m + 7. Let u(z) = 2*z**3 + 49*z**2 - 15*z - 13. Let r(l) = 11*s(l) + 6*u(l). What is the units digit of r(-19)?
7
Let k = 98 + -74. Let q = 19 + k. What is the tens digit of q?
4
Suppose -24 + 31 = 7*i. What is the tens digit of ((-1)/(-4))/i + 7407/36?
0
Suppose -12 = -4*g - 0*g. Suppose 3*k - 3*r - 32 = 49, -159 = -5*k - g*r. What is the units digit of k?
0
Let z be (-114)/(-21) + 12/21. Let m(i) = -2*i**3 - z*i**2 + 4 - i**3 - 2 - 2*i. What is the tens digit of m(-3)?
3
Suppose -3*k + 170 = 5*j - 213, -4*k + 532 = -4*j. What is the tens digit of k?
3
Suppose 0 = -9*u + 3987 + 2394. What is the units digit of u?
9
Let t = -41 + 71. Let u = -6 + 8. What is the tens digit of (-36)/t*(-35)/u?
2
Suppose 4*o + z = 5554, -30*o + 29*o + 5*z = -1399. What is the units digit of o?
9
Let x = 46 + -67. What is the tens digit of (x/(-2) - -2)*10?
2
Let v(s) = 20*s + 11 - 1 + 5 - s**2. What is the tens digit of v(14)?
9
Suppose 4*s = -0*s + 12. Suppose w + 9 = 3*j - 1, -7 = -s*j - 2*w. What is the tens digit of (2 - j)*(-36)/2?
1
What is the units digit of 8/(-12) + (-215)/(-3)?
1
Suppose 3*h + 4*s - 525 = 951, 1473 = 3*h + 3*s. What is the units digit of h?
8
Let u(p) = -p**3 - 8*p**2 - 2*p + 5. Let v(c) = c**3 + 7*c**2 + 2*c - 5. Let r(s) = 4*u(s) + 3*v(s). Suppose -35*d = 153 + 232. What is the tens digit of r(d)?
2
Let y be (-12)/6*(1 + 14/(-4)). Suppose -2*u + 835 = 4*d - 3*u, 5*u = y. What is the units digit of d?
9
Let z(u) be the third derivative of -u**6/120 - u**5/60 + u**4/24 + u**3/3 - 11*u**2. Let j be z(0). Suppose -j*w + 65 = -77. What is the units digit of w?
1
Let w(f) = -11*f + 10. Let h be w(-3). What is the units digit of (0 - (-6)/(-3 - -5)) + h?
6
Let h = -628 - -1586. What is the tens digit of h?
5
Let g = -81 - -72. Let f(n) = n**3 + 10*n**2 + 7*n + 2. What is the tens digit of f(g)?
2
Suppose -45 = -4*t + 79. Suppose -3*s = 4*y - 90 - 7, t = y + 3*s. What is the tens digit of y?
2
Let j be 4 - 9/(-6)*-6. What is the units digit of 1/1 + j + (-708)/(-4)?
3
Let m be 31/3 - 5/15. Suppose n + m = 6*n. Let x = n - -6. What is the units digit of x?
8
Let l be 1/((-24)/(-2020)) + 1/(-6). Suppose 81*g + 63 = l*g. Wh